ite number?
False
Let i(w) be the third derivative of 31*w**4/8 + 4*w**3/3 - 42*w**2. Is i(5) a prime number?
False
Let x = 72 - 72. Suppose q + x*q - 90 = -3*d, d - 464 = -5*q. Is q composite?
True
Let v = 45 - 54. Is (314/(-6))/(v/81) prime?
False
Let t be ((-18)/2)/(18/(-132)). Suppose -25*g + 18*g = -161. Let m = t + g. Is m prime?
True
Let l be (-29670)/(-35) + 2/7. Suppose s = 161 + l. Is s composite?
False
Let u = -86 - -116. Suppose -1338 = u*c - 36*c. Is c composite?
False
Let o = 12 + 17. Let h be 921/(-4) - 2/(-8). Let z = o - h. Is z a prime number?
False
Let m = -165 - -255. Is (-36)/m + 4892/5 + 1 a composite number?
True
Suppose 14*v + 2580 = 26*v. Is v composite?
True
Let h = 1232 + -691. Suppose -3*f + h = 4*m, 3*f - 801 = -2*m - 268. Suppose 3*q - f = -2*q. Is q composite?
True
Suppose -45*r - o + 425 = -40*r, -170 = -2*r + o. Is r a composite number?
True
Let p = 25299 + 41605. Is p/40 - 4/(-10) prime?
False
Let n(x) = -2105*x + 236. Is n(-9) composite?
False
Let m(n) = 10*n + 19*n + 0*n - 4*n - 2. Let y be m(7). Suppose y = -3*q + 842. Is q a composite number?
False
Suppose -2232 = -2*z - 2*r, 3*r - r = 3*z - 3363. Is (z/(-12))/(2/(-8)) composite?
False
Suppose -525*q = -515*q - 425890. Is q a composite number?
False
Let i(w) = 12*w - 5. Let j(u) = 20*u - 8. Let m(z) = -41*z + 17. Let f(b) = -5*j(b) - 3*m(b). Let o(n) = -3*f(n) + 5*i(n). Is o(-9) prime?
True
Let d(t) = -t**2 - 7*t + 10. Let f be d(-8). Suppose -3*n = -0*n, -f*y = -3*n + 306. Let p = 376 + y. Is p a composite number?
False
Suppose 0 = -2*r + 4*d + 6 + 8, -17 = -r - 3*d. Let g = 11 - r. Suppose g = -2*c + 4*c - 898. Is c a composite number?
False
Suppose -5*x = -20, 3*f - 20*x = -16*x + 11957. Is f a composite number?
True
Suppose -23*n = -36*n + 14053. Is n a prime number?
False
Suppose -18*x = 32*x - 121450. Is x a composite number?
True
Let j(g) = -2784*g + 445. Is j(-24) prime?
True
Let f = -413 + 198. Let u = f + 508. Is u a composite number?
False
Let r(a) = -248*a + 25. Is r(-3) a composite number?
False
Suppose -10 = 5*i - 2*l + 10, 3*i - l = -11. Is i/8 + (-1925)/(-4) prime?
False
Let c = 17607 - -5692. Is c a composite number?
True
Let l = 782 - -60. Suppose -5*z + 1928 + l = 0. Is z prime?
False
Let t = -178 - -96. Suppose 0 = 3*a + 16 - 19. Is 0 - a*t - 3 a composite number?
False
Let f = 1 + -3. Is (-87)/(-2) - (-1)/f a prime number?
True
Let v(h) = -673*h**3 + h + 1. Let w(o) = -o**3 - 8*o**2 + o + 7. Let p be w(-8). Is v(p) a prime number?
True
Let i be (-2)/(-5) - 10443/(-5). Let l = -578 + i. Is l prime?
True
Let h(t) be the third derivative of 2*t**4/3 + t**3/3 - t**2. Let u(y) = 2*y + 21. Let b be u(-8). Is h(b) a composite number?
True
Let y(f) = f**3 - f**2 - 11*f + 19. Is y(8) a prime number?
True
Let z be ((2 + -332)*-3)/1. Let o = z + -317. Is o a composite number?
False
Suppose 0 = 6*n + 176 - 4958. Is n a prime number?
True
Is 3*-1 - (-24640 - -111) a prime number?
False
Let s = 1989 - -18. Suppose 501 = -3*p + s. Is p prime?
False
Let y(v) = 2*v**2 + v - 13. Let x be y(-5). Suppose 0 = 7*t - 599 + x. Suppose -j - 2*z = -t, 3*z - 398 = -4*j - j. Is j a composite number?
False
Suppose 2*x + 9 = 3, t = 4*x + 4405. Is t a composite number?
True
Let o(y) = 15*y - 52. Is o(39) prime?
False
Let t(f) be the first derivative of -35*f**3/3 + 2. Let n be t(-1). Let l = 90 + n. Is l composite?
True
Let v be (-2602)/(-6)*3 + 1. Let q = v - -261. Is q a composite number?
True
Suppose -2673*s + 64572 = -2667*s. Is s prime?
False
Let p(b) = 2 + 1 - 293*b - 5. Let o be p(-3). Suppose -2*x = -3*x + o. Is x a prime number?
True
Suppose -11*q + 55 = -6*q. Suppose -q*n + 938 = -1625. Is n a composite number?
False
Let n = 142 + -143. Let i(y) = -y + 4. Let o be i(3). Is n/((o/19)/(-1)) prime?
True
Suppose 82*t - 2869343 = 4244403. Is t a composite number?
False
Let y(s) = 3*s + 485. Let p be y(0). Suppose 0 = -9*h + 14*h - p. Is h prime?
True
Let d = -480 + -276. Let p = -421 - d. Is p prime?
False
Let z be 6/3*((-2362)/(-4) - 0). Let g = -504 + z. Is g prime?
True
Suppose 262 = 5*x - 158. Suppose -4*j = -4*s + 260 + x, -s = -4*j - 89. Is s composite?
True
Let m(a) = 3*a + 14 + 5*a + 17*a. Is m(3) a composite number?
False
Suppose -3*o + 9002 = 5*v - 2086, 4*o + 3*v = 14773. Is o composite?
False
Suppose 426 = t - 1503. Suppose 5*x + t = 3*j + 2*x, -3*j - x + 1921 = 0. Is j prime?
True
Suppose 2*k - 2 = k. Suppose 0 = k*y - 5*y. Suppose -5*m + 924 - 129 = y. Is m composite?
True
Let z be (1499/(-3) - 0)*-3. Let h = z - 934. Is h prime?
False
Let p be 44/6*(-36)/(-24). Suppose 21 = -4*y - 3*l, 4*l - 2 = y - p. Is (2 + y + 0)*-371 prime?
False
Suppose -2*k = -7584 - 6430. Suppose -5*z + k = -10968. Suppose -8*y = -3*y - z. Is y composite?
False
Suppose 0 = -5*n + 25, -8*f - 15374 = -10*f + 4*n. Is f a composite number?
True
Is 0 + (-10)/(-15) - (-760040)/24 a prime number?
False
Suppose 0 = 18*z - 15*z - 12. Suppose 5 = -5*q + 20. Suppose q*o = -z*y - 1 + 225, o = 3*y - 181. Is y a composite number?
False
Let a be 3*3/(-27)*3. Let w be (-4490)/(-6) - a/(-3). Suppose h + w = 5*h. Is h composite?
True
Suppose -i - 4 = -3*i. Suppose -3*r - 2*n = -2, -4*r + 2 + 4 = i*n. Is -3 - (-150 + 8/r) composite?
True
Let c(m) = -12*m**3 - 2*m**2 + m + 5. Let h be c(-3). Let b = h - 159. Is b a prime number?
True
Let p(c) = c + 27. Let r be p(-12). Let y = r - 12. Is 2/y + (-920)/(-15) a composite number?
True
Suppose -v = -26 + 32. Let x be 4 - 1 - (v + 7). Let u(s) = 6*s**2 - 2*s + 3. Is u(x) a composite number?
False
Let j(a) = 9*a**2 + 5*a + 19. Let c(p) = 3*p + 24. Let k be c(-6). Is j(k) prime?
True
Let s(w) be the third derivative of 25*w**4/12 - w**3 + 12*w**2. Is s(4) composite?
True
Suppose -4*w = -7*w + 66. Is (5489/w)/((-1)/(-2)) composite?
False
Is (10766 - 3) + (-26)/(-13) a prime number?
False
Let n(j) be the third derivative of j**6/120 + 5*j**5/12 + 5*j**4/6 + 19*j**3/6 + j**2. Is n(-16) prime?
True
Let y = -2798 + 8717. Is y a composite number?
True
Is (-4 - (-11010)/18)/((-1)/(-3)) composite?
False
Let l(y) = 17066*y + 51. Is l(2) a prime number?
True
Let z(i) = -125*i - 7. Let b be z(3). Is (0 - b)*((-9)/(-6) + 0) a composite number?
True
Let q = -280 + 2437. Is q a prime number?
False
Let y(g) = 537*g**2 - 38*g - 2. Is y(-9) a prime number?
False
Suppose 440 = -5*p + 1730. Let f = 806 - p. Suppose 0 = 5*x + 4*n - 901, f = 3*x - 9*n + 4*n. Is x a prime number?
True
Is 7/3 - (-1327916)/93 a prime number?
True
Suppose 90 = 5*s + 4*s. Let q(v) = 3 + 7*v + 3 + 3. Is q(s) a prime number?
True
Let k = -137 - -7356. Is k prime?
True
Suppose 26*j = 28*j. Let w(a) = 5*a + 85. Is w(j) prime?
False
Suppose 3*u + 3*h = -2*u + 70, 5*u + 2*h - 65 = 0. Let p = u - 7. Is 538/p - (-6)/(-4) prime?
False
Let p = 113364 + -69541. Is p composite?
True
Let l = 554 - 1435. Let d = l + 1858. Is d composite?
False
Let g(n) = 19*n**3 - 4*n**2 - 38*n - 14. Is g(13) a composite number?
False
Suppose -4*j = 1302 - 5946. Suppose -5*q + 4599 + j = 0. Let d = q - 761. Is d composite?
True
Let b(r) = 239*r + 47. Is b(6) a composite number?
False
Suppose -13*r = -18*r + 59270. Suppose 0*g - 90 = -g. Is r/30 - 12/g prime?
False
Suppose 2260 = 6*b - 644. Suppose -4*x + 520 + b = 0. Is x composite?
False
Let q(i) = 9 + 0*i**2 - i**2 - 2 + 11*i - 2. Let v be (-2 - -4) + 4 + 0. Is q(v) a prime number?
False
Suppose -6*p + 5*p = -7. Suppose 0*a + 1778 = p*a. Is a a prime number?
False
Let c(h) = 157*h - 132. Is c(7) a composite number?
False
Let a be 1/4 - 28/(-16). Suppose 505 = 5*c + 4*n, c - n - 320 = -a*c. Suppose 5*k - c = -2*v, -4*v - v + 305 = 4*k. Is v composite?
True
Let g(d) be the first derivative of 93*d**2/2 + 2. Let q be g(-5). Is (q/(-6))/(4/8) prime?
False
Let f(s) = 84*s**2 + 4*s + 1. Let u be f(-3). Suppose 23*w = 28*w - u. Is w composite?
False
Suppose 16*k - 6710 = -1190. Suppose -2*b = -5*a + 315, k = 5*a - 4*b + 8*b. Is a composite?
True
Suppose -23*r + 2598 = -14353. Is r a composite number?
True
Let o(h) = h + 17*h**2 - 8*h**2 + 9*h**2 + 14*h**2. Is o(1) prime?
False
Let v = 4616 + 6137. Is v a composite number?
False
Let o(l) = -2561*l - 68. Is o(-7) a prime number?
False
Let m be (-9 + 9)*(-1 - -2). Suppose 5*j - 2*k - 10501 = m, -3*k - 2091 = -j + 2*k. Is j p